{"id":106,"date":"2024-12-02T09:41:00","date_gmt":"2024-12-02T08:41:00","guid":{"rendered":"https:\/\/gskgonet.panorama4u.pl\/?page_id=106"},"modified":"2025-12-02T09:44:52","modified_gmt":"2025-12-02T08:44:52","slug":"regulamin-stowarzyszenia","status":"publish","type":"page","link":"https:\/\/gskgonet.com.pl\/?page_id=106","title":{"rendered":"Regulamin Stowarzyszenia"},"content":{"rendered":"\n<ul class=\"wp-block-list\">\n<li><strong>\u00a7 1 Postanowienia og\u00f3lne<\/strong><\/li>\n\n\n\n<li>1. Stowarzyszenie Gminna Sie\u0107 Komputerowa \u201eGONET\u201d w Gorzycach zwane dalej Stowarzyszeniem, jest w\u0142a\u015bcicielem Sieci komputerowej, kt\u00f3ra wybudowana zosta\u0142a dzi\u0119ki wp\u0142atom os\u00f3b fizycznych lub prawnych. Osoby te sk\u0142adaj\u0105 deklaracj\u0119 przyst\u0105pienia do Stowarzyszenia i decyzj\u0105 Zarz\u0105du staj\u0105 si\u0119 cz\u0142onkami Stowarzyszenia.<\/li>\n\n\n\n<li>2. Cz\u0142onek Stowarzyszenia z chwil\u0105 przyj\u0119cia staje si\u0119 U\u017cytkownikiem Sieci Komputerowej. Ka\u017cdy U\u017cytkownik podpisuj\u0105c Deklaracj\u0119 przyst\u0105pienia do Stowarzyszenia zobowi\u0105zuje si\u0119 do przestrzegania postanowie\u0144 Statutu i Regulamin\u00f3w Wewn\u0119trznych.<\/li>\n\n\n\n<li><strong>\u00a7 2 Zarz\u0105dzanie sieci\u0105<\/strong><\/li>\n\n\n\n<li>1. Sie\u0107 zarz\u0105dzana jest przez Administratora.<\/li>\n\n\n\n<li>2. Ka\u017cdy nowy U\u017cytkownik otrzymuje od Administratora unikalny identyfikator ( nazw\u0119 sieciow\u0105).<\/li>\n\n\n\n<li>3. Administrator zobowi\u0105zany jest do :<\/li>\n\n\n\n<li>a) pilnowania sprawnego funkcjonowania Sieci<\/li>\n\n\n\n<li>b) w przypadku awarii \u0142\u0105cza internetowego zg\u0142aszanie problemu do Providera ( TP S.A.) oraz pomocy w usuwaniu problemu<\/li>\n\n\n\n<li>c) informowania ( z wyprzedzeniem \u2013 o ile to mo\u017cliwe ) U\u017cytkownik\u00f3w Sieci o ewentualnych przerwach w transmisji<\/li>\n\n\n\n<li>d) usuwania awarii \u0142\u0105cza w mo\u017cliwie najkr\u00f3tszym czasie<\/li>\n\n\n\n<li>e) pomocy nowo pod\u0142\u0105czonemu U\u017cytkownikowi w pierwszej konfiguracji systemu do pracy w Sieci, w miar\u0119 jego mo\u017cliwo\u015bci, ale bez gwarancji powodzenia, gdy\u017c jako\u015b\u0107 posiadanego sprz\u0119tu U\u017cytkownika mo\u017ce uniemo\u017cliwia\u0107 poprawn\u0105 prac\u0119 w Sieci. Pomoc w konfiguracji sprz\u0119tu nowo pod\u0142\u0105czonemu U\u017cytkownikowi jest jednorazowa.<\/li>\n\n\n\n<li>4. Administrator mo\u017ce trwale lub czasowo od\u0142\u0105czy\u0107 U\u017cytkownik\u00f3w nie przestrzegaj\u0105cych Regulaminu po uprzednim uzgodnieniu tego faktu z Zarz\u0105dem Stowarzyszenia.<\/li>\n\n\n\n<li>5. U\u017cytkownik ma obowi\u0105zek stosowa\u0107 si\u0119 do wszystkich polece\u0144 Administratora Systemu.<\/li>\n\n\n\n<li>6. Sygna\u0142 sieciowy dostarczany jest do karty sieciowej U\u017cytkownika.<\/li>\n\n\n\n<li>7. Dba\u0142o\u015b\u0107 o stan techniczny, konfiguracj\u0119 i oprogramowanie we w\u0142asnym komputerze nale\u017cy do U\u017cytkownika.<\/li>\n\n\n\n<li><strong>\u00a7 3 Pod\u0142\u0105czenie do sieci<\/strong><\/li>\n\n\n\n<li>1. Do Sieci pod\u0142\u0105czone mog\u0105 by\u0107 osoby obj\u0119te struktur\u0105 Sieci, kt\u00f3re spe\u0142niaj\u0105 postanowienia \u00a71 niniejszego Regulaminu.<\/li>\n\n\n\n<li>2. Osoby przy\u0142\u0105czane do Sieci przekazuj\u0105 na konto Stowarzyszenia wp\u0142aty inwestycyjne, kt\u00f3re przeznaczane s\u0105 na budow\u0119 Sieci. Wysoko\u015b\u0107 tych wp\u0142at ustala Zarz\u0105d Stowarzyszenia. Wp\u0142aty te nie podlegaj\u0105 zwrotowi. Sk\u0142adka inwestycyjna wynosi 250 z\u0142.<\/li>\n\n\n\n<li>3. Standardowe przy\u0142\u0105cze komputera do sieci GONET stanowi kabel sieciowy z wtyczk\u0105 RJ-45 lub switch w przypadku wi\u0119kszej ilo\u015bci komputer\u00f3w.<\/li>\n\n\n\n<li>4. Na wniosek u\u017cytkownika mo\u017cliwe jest pod\u0142\u0105czenie komputera lub komputer\u00f3w w trybie bezprzewodowym w obr\u0119bie lokalu cz\u0142onka Stowarzyszenia. Koszty zakupu routera WIFI i jego konfiguracji ponosi u\u017cytkownik. Pod\u0142\u0105czenie routera powoduje podzia\u0142 pr\u0119dko\u015bci dostarczanego pasma internetowego na wszystkie urz\u0105dzenia pod\u0142\u0105czone do routera.<\/li>\n\n\n\n<li>Zaleca si\u0119 aby konfiguracj\u0119 routera do warunk\u00f3w sieci GONET przeprowadza\u0142 administrator sieci ustalaj\u0105c ilo\u015b\u0107 jednoczesnych dost\u0119p\u00f3w i zabezpieczaj\u0105c dost\u0119p do konfiguracji routera has\u0142em. U\u017cytkownik otrzymuje has\u0142o dost\u0119pu do sieci. Przy konfiguracji routera stosuje si\u0119 zasad\u0119 ustalania ilo\u015bci dost\u0119p\u00f3w zgodnie z ilo\u015bci\u0105 zg\u0142oszonych komputer\u00f3w. Zabronione jest pod gro\u017ab\u0105 wykluczenia z cz\u0142onkostwa udost\u0119pnianie sygna\u0142u sieci Internet poza obr\u0119b lokalu, w kt\u00f3rym zamieszkuje U\u017cytkownik i zarejestrowany jest odbi\u00f3r tego sygna\u0142u.<\/li>\n\n\n\n<li>Uruchomienie routera mo\u017ce nast\u0105pi\u0107 po stwierdzeniu przez administratora prawid\u0142owo\u015bci konfiguracji urz\u0105dzenia pod wzgl\u0119dem bezpiecze\u0144stwa pracy w sieci GONET.<\/li>\n\n\n\n<li>Administrator prowadzi rejestr u\u017cytkownik\u00f3w posiadaj\u0105cych aktywne routery.<\/li>\n\n\n\n<li><strong>\u00a7 4 Sk\u0142adki<\/strong><\/li>\n\n\n\n<li>1. Cz\u0142onkowie Stowarzyszenia op\u0142acaj\u0105 miesi\u0119czne sk\u0142adki cz\u0142onkowskie do 25-go dnia ka\u017cdego miesi\u0105ca na konto Stowarzyszenia.<\/li>\n\n\n\n<li>2. Sk\u0142adka miesi\u0119czna wynosi 40 z\u0142 dla cz\u0142onk\u00f3w zwyczajnych oraz 49 z\u0142 dla cz\u0142onk\u00f3w wspieraj\u0105cych (Instytucje), niezale\u017cnie od ilo\u015bci komputer\u00f3w w lokalu.<\/li>\n\n\n\n<li>3. Wysoko\u015b\u0107 sk\u0142adek cz\u0142onkowskich ustala Zarz\u0105d Stowarzyszenia w takiej wysoko\u015bci, aby pokrywa\u0142y one wszystkie niezb\u0119dne koszty wynikaj\u0105ce z u\u017cytkowania i utrzymania Sieci we w\u0142a\u015bciwym stanie technicznym.<\/li>\n\n\n\n<li><strong>\u00a7 5 Warunki korzystania z sieci<\/strong><\/li>\n\n\n\n<li>1. U\u017cytkownik ma obowi\u0105zek pod\u0142\u0105czenia swojego komputera do gniazdek zasilaj\u0105cych z uziemieniem, gdy\u017c brak takowego mo\u017ce spowodowa\u0107 w skrajnym przypadku zniszczenie ca\u0142ej Sieci lub pora\u017cenie ludzi<\/li>\n\n\n\n<li>2. U\u017cytkownik zobowi\u0105zany jest do ochrony swojego konta przez stosowanie odpowiednich hase\u0142 a Administrator do ich nie ujawniania innym osobom w sieci.<\/li>\n\n\n\n<li>3. U\u017cytkownik zobowi\u0105zuje si\u0119 do przestrzegania prywatno\u015bci zasob\u00f3w i kont innych u\u017cytkownik\u00f3w i nieingerencji , zmian ich zasob\u00f3w, nawet je\u015bli nie s\u0105 one chronione.<\/li>\n\n\n\n<li>4. U\u017cytkownik zobowi\u0105zuje si\u0119 uaktywni\u0107 odpowiednie us\u0142ugi w swoim komputerze, tak aby by\u0107 widocznym dla innych w Otoczeniu Sieciowym.<\/li>\n\n\n\n<li>5. U\u017cytkownik zobowi\u0105zuje si\u0119 do ochrony karty sieciowej , kabli po\u0142\u0105czeniowych do komputera i innych urz\u0105dze\u0144 s\u0142u\u017c\u0105cych transmisji w sieci.<\/li>\n\n\n\n<li>6. U\u017cytkownika pracuj\u0105cego w Internecie obowi\u0105zuje przestrzeganie etykiety sieciowej i regulaminu stosowanych tak\u017ce na innych serwerach do kt\u00f3rych uzyska\u0142 po\u0142\u0105czenie.<\/li>\n\n\n\n<li>7. Wszystkie dzia\u0142ania na szkod\u0119 innych u\u017cytkownik\u00f3w, Stowarzyszenia , Providera oraz inne uci\u0105\u017cliwe dzia\u0142ania dla u\u017cytkownik\u00f3w a nie uzgodnione z Administratorem oraz podszywanie si\u0119 pod Administratora mog\u0105 by\u0107 podstaw\u0105 od\u0142\u0105czenia od Sieci.<\/li>\n\n\n\n<li>8. U\u017cytkownik nie mo\u017ce udost\u0119pnia\u0107 w swoich katalogach, umieszcza\u0107 na stronach czy innych komputerach w Sieci nast\u0119puj\u0105cych materia\u0142\u00f3w:<\/li>\n\n\n\n<li>a) tre\u015bci wzywaj\u0105ce do nienawi\u015bci rasowej, etnicznej, religijnej, itp. oraz propaguj\u0105cych przemoc<\/li>\n\n\n\n<li>b) stron, adres\u00f3w zawieraj\u0105cych linki do materia\u0142\u00f3w koliduj\u0105cych z obowi\u0105zuj\u0105cymi normami prawnymi lub obyczajowymi<\/li>\n\n\n\n<li>c) materia\u0142\u00f3w obj\u0119tych ochron\u0105 z tytu\u0142u prawa, a nie stanowi\u0105cych bezpo\u015bredniej w\u0142asno\u015bci U\u017cytkownika, oraz wszelkie inne dzia\u0142ania, kt\u00f3re mog\u0105 spowodowa\u0107 \u201eprzepe\u0142nienie\u201d Sieci lub w inny spos\u00f3b zak\u0142\u00f3caj\u0105ce prac\u0119 innych U\u017cytkownik\u00f3w czy dzia\u0142ania w celu zak\u0142\u00f3cenia pracy Sieci albo pracy innych U\u017cytkownik\u00f3w, nadawanie wiadomo\u015bci, kt\u00f3re mog\u0105 spowodowa\u0107 utrat\u0119 wynik\u00f3w pracy U\u017cytkownik\u00f3w<\/li>\n\n\n\n<li>d) materia\u0142\u00f3w, skrypt\u00f3w, i program\u00f3w wykonywalnych, opis\u00f3w dotycz\u0105cych dzia\u0142a\u0144 powoduj\u0105cych utrat\u0119 lub nielegalne wej\u015bcie w posiadanie danych, materia\u0142\u00f3w pornograficznych lub erotycznych dowolnego rodzaju.<\/li>\n\n\n\n<li><strong>\u00a7 6 Od\u0142\u0105czenie od sieci<\/strong><\/li>\n\n\n\n<li>1. U\u017cytkownik ma prawo z\u0142o\u017cy\u0107 wniosek o zawieszenie swojego cz\u0142onkostwa w Stowarzyszeniu na okre\u015blony czas.<\/li>\n\n\n\n<li>2. Zarz\u0105d Stowarzyszenia musi zosta\u0107 powiadomiony pisemnie o zamiarze zawieszenia cz\u0142onkostwa co najmniej 3 dni przed ko\u0144cem miesi\u0105ca poprzedzaj\u0105cego miesi\u0105c rozpoczynaj\u0105cy okres zawieszenia. Zawieszenie zawsze odbywa si\u0119 od pierwszego dnia miesi\u0105ca.<\/li>\n\n\n\n<li>3. U\u017cytkownik zostanie od\u0142\u0105czony od Sieci w przypadku :<\/li>\n\n\n\n<li>a) rezygnacji lub skre\u015blenia z cz\u0142onkostwa w Stowarzyszeniu.<\/li>\n\n\n\n<li>b) Zalegania z op\u0142at\u0105 sk\u0142adek cz\u0142onkowskich wi\u0119cej ni\u017c jeden miesi\u0105c.<\/li>\n\n\n\n<li>c) U\u017cytkownik mo\u017ce zosta\u0107 od\u0142\u0105czony fizycznie od Sieci je\u015bli notorycznie zak\u0142\u00f3ca lub uniemo\u017cliwia poprawn\u0105 prac\u0119 Sieci decyzj\u0105 Zarz\u0105du Stowarzyszenia na wniosek Administratora. Od\u0142\u0105czenie w zale\u017cno\u015bci od przewinienia mo\u017ce by\u0107 z prawem powrotu do Sieci b\u0105d\u017a bez prawa powrotu (likwidacja przy\u0142\u0105cza).<\/li>\n\n\n\n<li>d) w przypadku w\u0142\u0105czenia do sieci GONET routera bez w\u0142a\u015bciwej konfiguracji i bez uzgodnienia z administratorem.<\/li>\n\n\n\n<li>4. W razie przeprowadzki cz\u0142onka do innego lokalu w obr\u0119bie osiedla, na jego pisemn\u0105 pro\u015bb\u0119, nowa instalacja zostanie wykonana po wp\u0142aceniu przez wnioskodawc\u0119 uzupe\u0142niaj\u0105cej sk\u0142adki inwestycyjnej w wysoko\u015bci:<\/li>\n\n\n\n<li>\u2013 100 z\u0142 w budynkach wielorodzinnych,<\/li>\n\n\n\n<li>\u2013 rzeczywistych bezpo\u015brednich koszt\u00f3w w budynkach innych.<\/li>\n\n\n\n<li>W takim przypadku pozosta\u0142ym w mieszkaniu domownikom przys\u0142uguje prawo uzyskania cz\u0142onkostwa i korzystania z dost\u0119pu do sieci w normalnym trybie lecz bez konieczno\u015bci wnoszenia sk\u0142adki inwestycyjnej.<\/li>\n\n\n\n<li>5. W przypadku zbycia prawa do mieszkania, nowemu u\u017cytkownikowi mieszkania przys\u0142uguje prawo uzyskania cz\u0142onkostwa bez wnoszenia sk\u0142adki inwestycyjnej. Gdy pozostawiona instalacja sieciowa wymaga naprawy lub wymiany, nowy u\u017cytkownik ponosi koszty rzeczywiste zwi\u0105zane z doprowadzeniem jej do sprawno\u015bci technicznej.<\/li>\n\n\n\n<li>6. Na pisemny wniosek cz\u0142onka \u2013 u\u017cytkownika sieci, istnieje mo\u017cliwo\u015b\u0107 przy\u0142\u0105czenia w lokalu dalszych komputer\u00f3w wy\u0142\u0105cznie dla potrzeb rodziny i os\u00f3b zamieszka\u0142ych w tym lokalu. Cz\u0142onek ponosi koszty dodatkowej instalacji wewn\u0119trznej lub nowego przy\u0142\u0105cza w formie sk\u0142adki inwestycyjnej uzupe\u0142niaj\u0105cej.<\/li>\n\n\n\n<li>7. Ponowne przy\u0142\u0105czenie do Sieci mo\u017ce nast\u0105pi\u0107 po uregulowaniu nale\u017cno\u015bci i wymaga decyzji cz\u0142onka Zarz\u0105du.<\/li>\n\n\n\n<li><strong>\u00a7 7 Postanowienia ko\u0144cowe<\/strong><\/li>\n\n\n\n<li>1. Administrator ma prawo do wy\u0142\u0105czenia serwera w celach technicznych i konserwacyjnych po uprzednim powiadomieniu U\u017cytkownik\u00f3w o planowanym wy\u0142\u0105czeniu z wyprzedzeniem co najmniej jednodniowym. Nie dotyczy to chwilowych wy\u0142\u0105cze\u0144 niezb\u0119dnych, kt\u00f3rych celem jest usuni\u0119cie awarii.<\/li>\n\n\n\n<li>2. Administrator nie ponosi odpowiedzialno\u015bci za nieprawid\u0142owe dzia\u0142anie systemu wynik\u0142e z :<\/li>\n\n\n\n<li>a) przyczyn le\u017c\u0105cych poza struktura Sieci GSK GONET<\/li>\n\n\n\n<li>b) awarie spowodowane przyczynami naturalnymi ( po\u017car , pow\u00f3d\u017a )<\/li>\n\n\n\n<li>c) przyczyn po stronie U\u017cytkownika<\/li>\n\n\n\n<li>3. U\u017cytkownik ponosi wszelkie koszty zwi\u0105zane z napraw\u0105 szk\u00f3d wyrz\u0105dzonych na skutek swojej dzia\u0142alno\u015bci.<\/li>\n\n\n\n<li>4. U\u017cytkownik nie mo\u017ce udost\u0119pnia\u0107 swojej karty sieciowej, kont i urz\u0105dze\u0144 sieciowych osobom trzecim, oni sam rozbudowywa\u0107 Sieci celem jej udost\u0119pnienia osobom trzecim.<\/li>\n\n\n\n<li>5. U\u017cytkownik przyjmuje na siebie wszelkie ryzyko zwi\u0105zane z wykorzystaniem materia\u0142\u00f3w pobranych z sieci.<\/li>\n\n\n\n<li>6. Administrator nie ponosi odpowiedzialno\u015bci za jako\u015b\u0107 informacji dost\u0119pnych w sieci INTERNET i ich tre\u015b\u0107.<\/li>\n\n\n\n<li>7. U\u017cytkownik zg\u0142asza usterki Administratorowi.<\/li>\n\n\n\n<li>8. Poprawki do Regulaminu ma prawo zg\u0142asza\u0107 ka\u017cdy U\u017cytkownik Sieci.<\/li>\n\n\n\n<li>9. Zmiany w regulaminie mog\u0105 by\u0107 wprowadzone decyzja Zarz\u0105du zgodnie z \u00a7 25 Statutu.<\/li>\n\n\n\n<li><em>Gorzyce, dnia 07.02.2001r. tekst pierwotny<\/em><\/li>\n\n\n\n<li>Niniejszy Regulamin zosta\u0142 zatwierdzony do dalszego stosowania w Stowarzyszeniu GSK GONET decyzj\u0105 Zarz\u0105du GONET z dnia 10.01.2008r.<\/li>\n\n\n\n<li>Aktualny tekst jednolity j\/w uwzgl\u0119dniaj\u0105cy stosowanie router\u00f3w w lokalach u\u017cytkownik\u00f3w zosta\u0142 zatwierdzony do stosowania decyzj\u0105 Zarz\u0105du Stowarzyszenia z dn. 29.11.2012r.<\/li>\n\n\n\n<li>Tekst jednolity uwzgl\u0119dniaj\u0105cy decyzje Zarz\u0105du Stowarzyszenia zawarte w Prot. nr 5\/2012 z 29.12.2012r; 1\/2013 z 8.02.2013 oraz 2\/2013 z 17.05.2013r.<\/li>\n\n\n\n<li><em>Niniejszy tekst jednolity Regulaminu obowi\u0105zuje od dnia 1.07.2013r.<\/em><\/li>\n<\/ul>\n","protected":false},"excerpt":{"rendered":"","protected":false},"author":1,"featured_media":0,"parent":0,"menu_order":0,"comment_status":"closed","ping_status":"closed","template":"","meta":{"footnotes":""},"class_list":["post-106","page","type-page","status-publish","hentry"],"_links":{"self":[{"href":"https:\/\/gskgonet.com.pl\/index.php?rest_route=\/wp\/v2\/pages\/106"}],"collection":[{"href":"https:\/\/gskgonet.com.pl\/index.php?rest_route=\/wp\/v2\/pages"}],"about":[{"href":"https:\/\/gskgonet.com.pl\/index.php?rest_route=\/wp\/v2\/types\/page"}],"author":[{"embeddable":true,"href":"https:\/\/gskgonet.com.pl\/index.php?rest_route=\/wp\/v2\/users\/1"}],"replies":[{"embeddable":true,"href":"https:\/\/gskgonet.com.pl\/index.php?rest_route=%2Fwp%2Fv2%2Fcomments&post=106"}],"version-history":[{"count":1,"href":"https:\/\/gskgonet.com.pl\/index.php?rest_route=\/wp\/v2\/pages\/106\/revisions"}],"predecessor-version":[{"id":107,"href":"https:\/\/gskgonet.com.pl\/index.php?rest_route=\/wp\/v2\/pages\/106\/revisions\/107"}],"wp:attachment":[{"href":"https:\/\/gskgonet.com.pl\/index.php?rest_route=%2Fwp%2Fv2%2Fmedia&parent=106"}],"curies":[{"name":"wp","href":"https:\/\/api.w.org\/{rel}","templated":true}]}}